actors of z.
2, 9403
Suppose 6 + 0 = 3*h. Let p be (h/5)/((-8)/1880). Let m = p - -219. List the prime factors of m.
5
Suppose 5*t - 317065 = -5*v, 5*v + t - 363319 = -46262. List the prime factors of v.
3, 23, 919
Suppose -5*n = 2*z - 4*z + 5902, 4*z = n + 11768. Let a be ((-8)/(-14))/(7/((-49)/12) + 2). Suppose -a*x + 19*x = z. List the prime factors of x.
173
Suppose -21*a + 10 = -16*a - 5*q, 5*a = -2*q + 24. Suppose -h - 5*z = -61 - 23, -a*h - 3*z = -268. List the prime factors of h.
2
Let f = 6744 - 6209. List the prime factors of f.
5, 107
Let h = 102 + -64. Suppose 2*a = -3*u + h, -2*u + 4 = -a - 19. Let y(k) = 10*k + 11. List the prime factors of y(u).
131
Suppose 4*h = -4*f - 12, 3*h = -5*f - 24 - 1. Let o(x) = -15*x - 9*x + 14*x + 23. What are the prime factors of o(f)?
103
Suppose 22*j - 75228 = 131264. List the prime factors of j.
2, 13, 19
What are the prime factors of ((-1661310)/(-45))/(-3 + 5)?
3, 7, 293
Let z(y) = -17*y - 35. Let h be z(-27). Let t = -262 + h. What are the prime factors of t?
2, 3
Let n = 25356 + 71698. List the prime factors of n.
2, 48527
Let o = -40622 + 57352. List the prime factors of o.
2, 5, 7, 239
Suppose -11*k - 6 = -12*k. Suppose -k*y + 10*y = 0. Suppose -2*z + 65 = f, 0 = f - y*z - 2*z - 49. What are the prime factors of f?
3, 19
Let w = -259 - -530. Let u = w - -521. What are the prime factors of u?
2, 3, 11
Let r be (-14)/(-35) - 1176/15. Let l = -183 - r. What are the prime factors of 16/(-56) + (-12)/7 - l?
103
What are the prime factors of (-11473)/(-1) + (0 - (-3 + 0)) - -6?
2, 5741
Suppose g = 4*a + 8912, -40*g + 4*a = -44*g + 35688. What are the prime factors of g?
2, 5, 223
What are the prime factors of (3/(-9) + 6377/6)*(-448)/(-112)?
2, 5, 17
Let l be 6/2*(-26)/(-6). Let n(p) = 13*p - 73. What are the prime factors of n(l)?
2, 3
Let v(q) = q**3 - 6. Let d be v(2). Let m(f) = 59*f**3 - 2*f**2 - 7*f + 11. List the prime factors of m(d).
461
Let o(a) = 8*a**2 - 15*a - 5. Let j be o(3). Suppose -10*s - 3972 = -j*s. List the prime factors of s.
331
What are the prime factors of (8 - 3980/80)/((-2)/3216)?
2, 3, 67, 167
Suppose -3*u + 15 = 0, 3*r + 0*u - 3*u = 0. Suppose c - y = 9 + 100, -2*c - r*y + 232 = 0. List the prime factors of c.
3, 37
Suppose 8*i - 12*i + 3*k + 122371 = 0, i + k - 30598 = 0. What are the prime factors of i?
5, 29, 211
Suppose 4*v + 1 = -5*n, -v + 0 = -4*n + 16. Suppose 2*a = -n*i - 3, -a - i = 3*i + 9. Suppose a*f - 435 = -2*f. List the prime factors of f.
3, 29
Let i(g) = -g**3 + 5*g**2 + 4*g + 11. Let m be i(6). What are the prime factors of m + 4/((-24)/(-4014))?
2, 167
Let j = 550 - 561. List the prime factors of (2 - -887) + 3 - (j + 6).
3, 13, 23
Suppose 0 = -13*k + 12*k, k + 1531 = 2*i - 3529. List the prime factors of i.
2, 5, 11, 23
Suppose v = 22*h - 18*h - 25662, v + 2 = 0. List the prime factors of h.
5, 1283
Suppose -12*f - 20 = -140. Let k(j) = -3*j + 34. Let o be k(f). Suppose 0 = -o*u + 3*u + 93. List the prime factors of u.
3, 31
Let n be (1 - 7) + (-6)/(-2). Let y(x) = -3*x**3 - 6*x**2 + 4. List the prime factors of y(n).
31
Suppose -5*d - 4*h = 7, -3*d + 5*h - 4*h = 11. Let b be -2 + 7 + (d - -3). Suppose 2*o + 5 - 209 = 4*w, -b*w = 5. List the prime factors of o.
2, 5
Suppose 11852 = 2*k + 2*c, 33*k - 34*k + 5902 = 5*c. List the prime factors of k.
2, 1483
Suppose 117*s = -410798 + 1290521. List the prime factors of s.
73, 103
Suppose 0 = -4*j + 981 - 1005, 2*y - 99752 = 5*j. What are the prime factors of y?
7, 17, 419
What are the prime factors of 17*(-12 - (3 + (-40238)/11))?
17, 3643
Let a = 22 - 32. Let l be (19 - (-8)/(-2)) + -3. List the prime factors of (85/a*l)/(1*-2).
3, 17
Let p(c) = 9*c - 179. Let a be p(19). List the prime factors of ((-2372)/a)/((-2)/(-4)).
593
Suppose 8*s = 19*s - 33. Suppose 0 = 5*i + 3*b - 3390, s - 8 = b. List the prime factors of i.
3, 227
Let q(b) = 2399*b - 267. List the prime factors of q(4).
19, 491
Suppose -b - z + 281 = 0, -3*z - 498 = -4*b + 647. Let h = -133 + b. What are the prime factors of h?
151
Let i = 6442 + 5766. List the prime factors of i.
2, 7, 109
Suppose -a + 36 = 2*u - 333, 5*u = -2*a + 921. What are the prime factors of u + 1/(2 + -1)?
2, 23
List the prime factors of 1/1 - -4991 - 13.
13, 383
Let g(c) = 4*c**3 - 192*c**2 - 66*c + 113. List the prime factors of g(49).
3, 2161
Let p(d) = -3*d**3 + 7*d + 6. Let w be p(-1). Suppose -2*g + g = k - 1688, w*k - 3371 = -3*g. List the prime factors of k.
1693
Let a(b) = 3*b**3 + b + 2. Let q be a(-1). Let i(c) = -3*c. Let u be i(q). Suppose u*v = 3*v + 78. What are the prime factors of v?
2, 13
Let c = -318 + 352. Suppose c*n - 15646 + 1978 = 0. What are the prime factors of n?
2, 3, 67
What are the prime factors of (-2)/3*(-198)/(-352) - 5388507/(-136)?
3, 47, 281
Let o(l) = -9*l - 55. Let c be o(-11). Suppose -36*q + c*q - 3528 = 0. What are the prime factors of q?
3, 7
Let r(a) = 31*a**2 - 9*a + 110. What are the prime factors of r(-12)?
2, 2341
Let t(f) = f**2 + 3*f - 9. Let d be t(7). Suppose -d*r = -56*r. List the prime factors of (-2 + 1 - r)*(23 - 34).
11
Suppose 0 = -52*b + 57*b + 3*q - 27332, -5*q - 5 = 0. What are the prime factors of b?
7, 11, 71
Let a(s) = 100*s**2 + 2654*s + 5. List the prime factors of a(-32).
17477
Suppose -m = -7*m + 378. Let i be 40/6 + 21/m. Suppose -2*h - 10 = -i*h. What are the prime factors of h?
2
Let k be (18/14 - 1) + 11256/49. Let q = -162 + k. Let z = 115 - q. What are the prime factors of z?
47
Let h = 93420 + -51625. List the prime factors of h.
5, 13, 643
List the prime factors of 2 + (-21)/(-10 - 889867/(-88990)).
2, 7079
List the prime factors of (-20)/30 - 31520/(-3).
2, 3, 17, 103
Let s be (-319722)/(-36) + 5/(-30). Suppose 0 = 16*r - 1055 - s. What are the prime factors of r?
3, 23
Suppose -5*i - 8 = -3, -12 = -4*o + 4*i. Let h(d) = d**3 - 3*d + 1. Let w be h(o). Suppose -3*c - 9 = 0, w*m + c - 48 = 45. List the prime factors of m.
2
Let z(j) = 95*j**2 - 76*j - 887. What are the prime factors of z(-16)?
157
Suppose -q + 36 = 5*d, 5*q = -0 - 20. Suppose 0 = 5*h - 28 + d. What are the prime factors of ((-1)/2)/(h*(-4)/5344)?
167
Let l(s) = 4*s**2 - s - 17. Let h be l(7). Suppose -177*g + h*g = -6015. What are the prime factors of g?
3, 401
Let d(x) = 9*x + 8. Let r = -144 + 159. Let m be d(r). Suppose m = 2*l - 83. List the prime factors of l.
113
Let m = -49367 + 75094. List the prime factors of m.
13, 1979
Let w = 31 - 21. Let c(l) = l**3 - 12*l**2 + 19*l + 4. Let p be c(w). What are the prime factors of (-808)/p + (-8)/12?
2, 67
Let l(j) = -j**3 + 15*j**2 - 4*j + 32. Let u(c) = c**3 + 13*c**2 - 16*c - 14. Let p be u(-14). Let t be l(p). Let n = t - 105. What are the prime factors of n?
67
Let z(b) = -738*b - 3028. List the prime factors of z(-5).
2, 331
Suppose 0 = -5*b + 5*w - 4 - 11, w = 4*b + 3. Suppose b = 4*v - 3*o + o - 428, 222 = 2*v + o. Let l = -57 + v. What are the prime factors of l?
2, 13
Suppose 75945 + 32749 = 7*v - 8850. List the prime factors of v.
2, 2099
Suppose -5*y = -3*q + 1728, 4*q = 6*q - 5*y - 1157. Let t = q - 353. What are the prime factors of t?
2, 109
Suppose -n = 4*d - 4778, -13*n + 8*n + d = -23785. Suppose n - 13056 = -9*a. List the prime factors of a.
2, 461
Let b be (-19)/(-4) + 2 + (-28)/16. Suppose -8*q - 837 = -3*f - b*q, 837 = 3*f + 3*q. What are the prime factors of f?
3, 31
Let u be (-3 - 1)/(-4) + 113. Let g = -114 + u. Let q(k) = -k**3 - 5*k + 179. List the prime factors of q(g).
179
Let i = 126899 + -85635. List the prime factors of i.
2, 2579
Suppose 43*j + 107530 = 9*j + 792392. What are the prime factors of j?
20143
Suppose -8*w = -7*w - 222. Let k = w - 166. List the prime factors of k.
2, 7
Suppose 17 = v + 15. Suppose a = -v*c + 1274, 0 = 4*c + 6*a - a - 2560. What are the prime factors of c?
5, 127
Let m(n) be the third derivative of n**4/24 - n**3/2 - 15*n**2. Let k be m(3). Suppose 2*i + 0*i - 34 = k. List the prime factors of i.
17
Suppose -20*p + 841891 = 17*p + 102705. List the prime factors of p.
2, 7, 1427
Suppose -6*w - 53 + 41 = 0. Let r(b) = 194*b**2 + b - 3. What are the prime factors of r(w)?
3, 257
Let d = -8289 - -12266. List the prime factors of d.
41, 97
Let i = 28236 - 7507. What are the prime factors of i?
19, 1091
Suppose -21*p +